759622?
2
What is the ten thousands digit of 72077?
7
What is the tens digit of 2842825?
2
What is the units digit of 996281?
1
What is the hundreds digit of 247073?
0
What is the tens digit of 139513?
1
What is the hundred thousands digit of 145210?
1
What is the hundred thousands digit of 6225784?
2
What is the units digit of 722197?
7
What is the thousands digit of 3593069?
3
What is the hundreds digit of 7029028?
0
What is the units digit of 2013510?
0
What is the units digit of 16447295?
5
What is the tens digit of 144441?
4
What is the units digit of 186974?
4
What is the tens digit of 14957387?
8
What is the thousands digit of 142303?
2
What is the units digit of 19386?
6
What is the thousands digit of 99999?
9
What is the thousands digit of 206543?
6
What is the hundred thousands digit of 8410268?
4
What is the units digit of 685917?
7
What is the tens digit of 574602?
0
What is the ten thousands digit of 23688078?
8
What is the tens digit of 75533?
3
What is the units digit of 124305?
5
What is the hundreds digit of 1381?
3
What is the tens digit of 122512?
1
What is the thousands digit of 2124826?
4
What is the hundred thousands digit of 240000?
2
What is the millions digit of 25577312?
5
What is the units digit of 7942438?
8
What is the hundreds digit of 58524?
5
What is the units digit of 606410?
0
What is the ten thousands digit of 2094648?
9
What is the hundreds digit of 452141?
1
What is the thousands digit of 12620015?
0
What is the thousands digit of 637480?
7
What is the tens digit of 360000?
0
What is the hundreds digit of 8351350?
3
What is the hundreds digit of 370318?
3
What is the thousands digit of 535255?
5
What is the tens digit of 34294?
9
What is the units digit of 362108?
8
What is the tens digit of 4269516?
1
What is the ten thousands digit of 23764?
2
What is the ten thousands digit of 325254?
2
What is the hundreds digit of 402329?
3
What is the ten thousands digit of 438141?
3
What is the hundred thousands digit of 227440?
2
What is the units digit of 555072?
2
What is the millions digit of 5608826?
5
What is the tens digit of 3930333?
3
What is the thousands digit of 887051?
7
What is the hundreds digit of 2392218?
2
What is the hundred thousands digit of 293818?
2
What is the hundred thousands digit of 2492828?
4
What is the ten thousands digit of 13211765?
1
What is the hundreds digit of 489872?
8
What is the tens digit of 5027938?
3
What is the tens digit of 243156?
5
What is the units digit of 1278307?
7
What is the hundreds digit of 22758?
7
What is the ten thousands digit of 2992487?
9
What is the hundreds digit of 2068452?
4
What is the tens digit of 2737940?
4
What is the thousands digit of 10919830?
9
What is the units digit of 8270213?
3
What is the hundred thousands digit of 1232701?
2
What is the ten thousands digit of 2332441?
3
What is the tens digit of 2464175?
7
What is the units digit of 55432?
2
What is the units digit of 1685935?
5
What is the ten thousands digit of 789098?
8
What is the hundreds digit of 2477865?
8
What is the thousands digit of 461771?
1
What is the thousands digit of 249113?
9
What is the hundred thousands digit of 298257?
2
What is the hundred thousands digit of 442949?
4
What is the hundreds digit of 1011696?
6
What is the thousands digit of 37606?
7
What is the millions digit of 1351263?
1
What is the hundreds digit of 300080?
0
What is the ten thousands digit of 613384?
1
What is the units digit of 1367297?
7
What is the thousands digit of 4136733?
6
What is the units digit of 198349?
9
What is the tens digit of 4517341?
4
What is the hundred thousands digit of 235374?
2
What is the units digit of 868446?
6
What is the units digit of 329443?
3
What is the hundred thousands digit of 7924339?
9
What is the tens digit of 503503?
0
What is the thousands digit of 8216563?
6
What is the ten thousands digit of 265216?
6
What is the units digit of 171050?
0
What is the millions digit of 15280639?
5
What is the tens digit of 16497785?
8
What is the hundred thousands digit of 345398?
3
What is the hundreds digit of 1267556?
5
What is the millions digit of 2505802?
2
What is the units digit of 252993?
3
What is the hundreds digit of 222160?
1
What is the ten thousands digit of 6446885?
4
What is the thousands digit of 473555?
3
What is the thousands digit of 611701?
1
What is the ten millions digit of 26240200?
2
What is the hundred thousands digit of 157851?
1
What is the millions digit of 2437457?
2
What is the hundreds digit of 484673?
6
What is the millions digit of 3647614?
3
What is the hundreds digit of 4938504?
5
What is the ten thousands digit of 682179?
8
What is the thousands digit of 113565?
3
What is the millions digit of 1882457?
1
What is the hundred thousands digit of 4775735?
7
What is the millions digit of 6397725?
6
What is the hundreds digit of 2153632?
6
What is the thousands digit of 310440?
0
What is the thousands digit of 1282421?
2
What is the tens digit of 5191912?
1
What is the ten millions digit of 16994457?
1
What is the tens digit of 122523?
2
What is the units digit of 224256?
6
What is the hundred thousands digit of 129744?
1
What is the ten millions digit of 11805470?
1
What is the ten thousands digit of 8052041?
5
What is the units digit of 220811?
1
What is the thousands digit of 905035?
5
What is the thousands digit of 14538661?
8
What is the thousands digit of 22693736?
3
What is the hundreds digit of 3330384?
3
What is the millions digit of 1563180?
1
What is the hundred thousands digit of 6965220?
9
What is the tens digit of 442407?
0
What is the hundred thousands digit of 24259395?
2
What is the tens digit of 578871?
7
What is the units digit of 92033?
3
What is the thousands digit of 18173952?
3
What is the hundreds digit of 767840?
8
What is the ten thousands digit of 129109?
2
What is the ten thousands digit of 318804?
1
What is the hundreds digit of 339036?
0
What is the ten thousands digit of 110720?
1
What is the ten thousands digit of 865943?
6
What is the hundreds digit of 3844667?
6
What is the thousands digit of 68334?
8
What is the hundreds digit of 108470?
4
What is the hundred thousands digit of 298571?
2
What is the tens digit of 5605?
0
What is the units digit of 2851849?
9
What is the thousands digit of 88521?
8
What is the thousands digit of 316729?
6
What is the hundred thousands digit of 6983213?
9
What is the thousands digit of 27763?
7
What is the hundred thousands digit of 2055825?
0
What is the thousands digit of 36523?
6
What is the thousands digit of 10036817?
6
What is the units digit of 24457831?
1
What is the tens digit of 23505558?
5
What is the units digit of 1035679?
9
What is the hundred thousands digit of 116073?
1
What is the hundred thousands digit of 832222?
8
What is the ten thousands digit of 2841750?
4
What is the tens digit of 352816?
1
What is the tens digit of 1414755?
5
What is the hundred thousands digit of 4393915?
3
What is the ten thousands digit of 484079?
8
What is the ten thousands digit of 9713041?
1
What is the tens digit of 2341576?
7
What is the tens digit of 762952?
5
What is the ten thousands digit of 23129?
2
What is the units digit of 29532005?
5
What is the thousands digit of 903220?
3
What is the ten millions digit of 17296936?
1
What is the units digit of 153623?
3
What is the millions digit of 3043353?
3
What is the units digit of 88186?
6
What is the ten thousands digit of 7861059?
6
What is the thousands digit of 19578750?
8
What is the thousands digit of 3887?
3
What is the hundreds digit of 295758?
7
What is the units digit of 1037586?
6
What is the units digit of 8717778?
8
What is the hundreds digit of 326519?
5
What is the hundred thousands digit of 2436344?
4
What is the ten thousands digit of 111892?
1
What is the millions digit of 3993308?
3
What is the thousands digit of 18056200?
6
What is the units digit of 6982029?
9
What is the ten thousands digit of 420011?
2
What is the hundreds digit of 268983?
9
What is the ten thousands digit of 11239188?
3
What is the hundreds digit of 9942292?
2
What is the ten thousands digit of 8957822?
5
What is the units digit of 766923?
3
What is the hundred thousands digit of 41162304?
1
What is the units digit of 1118911?
1
What